{"id":48,"date":"2018-12-21T01:36:00","date_gmt":"2018-12-21T01:36:00","guid":{"rendered":"https:\/\/die-fahrschule-blitz.de\/?page_id=48"},"modified":"2021-10-07T15:08:09","modified_gmt":"2021-10-07T14:08:09","slug":"leistungen","status":"publish","type":"page","link":"https:\/\/die-fahrschule-blitz.de\/start\/leistungen\/","title":{"rendered":"Leistungen"},"content":{"rendered":"\t\t<div data-elementor-type=\"wp-post\" data-elementor-id=\"48\" class=\"elementor elementor-48\">\n\t\t\t\t\t\t<div class=\"elementor-inner\">\n\t\t\t\t<div class=\"elementor-section-wrap\">\n\t\t\t\t\t\t\t\t\t<section class=\"elementor-section elementor-top-section elementor-element elementor-element-51c01918 elementor-section-boxed elementor-section-height-default elementor-section-height-default\" data-id=\"51c01918\" data-element_type=\"section\">\n\t\t\t\t\t\t<div class=\"elementor-container elementor-column-gap-default\">\n\t\t\t\t\t\t\t<div class=\"elementor-row\">\n\t\t\t\t\t<div class=\"elementor-column elementor-col-100 elementor-top-column elementor-element elementor-element-60f47466\" data-id=\"60f47466\" data-element_type=\"column\" data-settings=\"{&quot;background_background&quot;:&quot;none&quot;}\">\n\t\t\t<div class=\"elementor-column-wrap elementor-element-populated\">\n\t\t\t\t\t\t\t<div class=\"elementor-widget-wrap\">\n\t\t\t\t\t\t<div class=\"elementor-element elementor-element-48aa091c elementor-widget elementor-widget-heading\" data-id=\"48aa091c\" data-element_type=\"widget\" data-widget_type=\"heading.default\">\n\t\t\t\t<div class=\"elementor-widget-container\">\n\t\t\t<h1 class=\"elementor-heading-title elementor-size-medium\">Leistungen<\/h1>\t\t<\/div>\n\t\t\t\t<\/div>\n\t\t\t\t\t\t<\/div>\n\t\t\t\t\t<\/div>\n\t\t<\/div>\n\t\t\t\t\t\t\t\t<\/div>\n\t\t\t\t\t<\/div>\n\t\t<\/section>\n\t\t\t\t<section class=\"elementor-section elementor-top-section elementor-element elementor-element-1715ce57 elementor-section-boxed elementor-section-height-default elementor-section-height-default\" data-id=\"1715ce57\" data-element_type=\"section\" data-settings=\"{&quot;background_background&quot;:&quot;classic&quot;,&quot;shape_divider_top&quot;:&quot;tilt&quot;,&quot;shape_divider_bottom&quot;:&quot;tilt&quot;}\">\n\t\t\t\t\t<div class=\"elementor-shape elementor-shape-top\" data-negative=\"false\">\n\t\t\t<svg xmlns=\"http:\/\/www.w3.org\/2000\/svg\" viewBox=\"0 0 1000 100\" preserveAspectRatio=\"none\">\n\t<path class=\"elementor-shape-fill\" d=\"M0,6V0h1000v100L0,6z\"\/>\n<\/svg>\t\t<\/div>\n\t\t\t\t<div class=\"elementor-shape elementor-shape-bottom\" data-negative=\"false\">\n\t\t\t<svg xmlns=\"http:\/\/www.w3.org\/2000\/svg\" viewBox=\"0 0 1000 100\" preserveAspectRatio=\"none\">\n\t<path class=\"elementor-shape-fill\" d=\"M0,6V0h1000v100L0,6z\"\/>\n<\/svg>\t\t<\/div>\n\t\t\t\t\t<div class=\"elementor-container elementor-column-gap-default\">\n\t\t\t\t\t\t\t<div class=\"elementor-row\">\n\t\t\t\t\t<div class=\"elementor-column elementor-col-100 elementor-top-column elementor-element elementor-element-195784e7\" data-id=\"195784e7\" data-element_type=\"column\">\n\t\t\t<div class=\"elementor-column-wrap elementor-element-populated\">\n\t\t\t\t\t\t\t<div class=\"elementor-widget-wrap\">\n\t\t\t\t\t\t<section class=\"elementor-section elementor-inner-section elementor-element elementor-element-311efd9c elementor-section-boxed elementor-section-height-default elementor-section-height-default\" data-id=\"311efd9c\" data-element_type=\"section\">\n\t\t\t\t\t\t<div class=\"elementor-container elementor-column-gap-wider\">\n\t\t\t\t\t\t\t<div class=\"elementor-row\">\n\t\t\t\t\t<div class=\"elementor-column elementor-col-50 elementor-inner-column elementor-element elementor-element-329b3484\" data-id=\"329b3484\" data-element_type=\"column\">\n\t\t\t<div class=\"elementor-column-wrap elementor-element-populated\">\n\t\t\t\t\t\t\t<div class=\"elementor-widget-wrap\">\n\t\t\t\t\t\t<div class=\"elementor-element elementor-element-2a2fc030 elementor-position-left elementor-view-framed elementor-shape-circle elementor-mobile-position-top elementor-vertical-align-top elementor-widget elementor-widget-icon-box\" data-id=\"2a2fc030\" data-element_type=\"widget\" data-widget_type=\"icon-box.default\">\n\t\t\t\t<div class=\"elementor-widget-container\">\n\t\t\t\t\t<div class=\"elementor-icon-box-wrapper\">\n\t\t\t\t\t\t<div class=\"elementor-icon-box-icon\">\n\t\t\t\t<span class=\"elementor-icon elementor-animation-\" >\n\t\t\t\t<i class=\"fa fa-automobile\" aria-hidden=\"true\"><\/i>\t\t\t\t<\/span>\n\t\t\t<\/div>\n\t\t\t\t\t\t<div class=\"elementor-icon-box-content\">\n\t\t\t\t<h3 class=\"elementor-icon-box-title\">\n\t\t\t\t\t<span  >\n\t\t\t\t\t\tF\u00fchrerschein\t\t\t\t\t<\/span>\n\t\t\t\t<\/h3>\n\t\t\t\t\t\t\t<\/div>\n\t\t<\/div>\n\t\t\t\t<\/div>\n\t\t\t\t<\/div>\n\t\t\t\t<div class=\"elementor-element elementor-element-39a543f elementor-widget elementor-widget-text-editor\" data-id=\"39a543f\" data-element_type=\"widget\" data-widget_type=\"text-editor.default\">\n\t\t\t\t<div class=\"elementor-widget-container\">\n\t\t\t\t\t\t\t\t<div class=\"elementor-text-editor elementor-clearfix\">\n\t\t\t\t<p><span style=\"text-decoration: underline;\"><span style=\"color: #ffffff; text-decoration: underline;\"><a href=\"https:\/\/die-fahrschule-blitz.de\/autofuehrerschein\/\" data-wplink-edit=\"true\" style=\"color: #ffffff; text-decoration: underline;\">Autof\u00fchrerschein\u00a0\u00a0<\/a><span class=\"Normal-C0\"><a href=\"https:\/\/die-fahrschule-blitz.de\/autofuehrerschein\/\" style=\"color: #ffffff; text-decoration: underline;\">(Klasse B, Begleitetes Fahren mit 17, Klasse BE, Automatik)<\/a><\/span><\/span><\/span><br \/><span style=\"text-decoration: underline;\"><span style=\"color: #ffffff; text-decoration: underline;\"><a href=\"https:\/\/die-fahrschule-blitz.de\/motorradfuehrerschein\/\" style=\"color: #ffffff; text-decoration: underline;\">Motorradf\u00fchrerschein<\/a><span class=\"Normal-C0\"> <a href=\"https:\/\/die-fahrschule-blitz.de\/motorradfuehrerschein.html\" style=\"color: #ffffff; text-decoration: underline;\">(Klasse A, Klasse A1, Klasse M)<\/a><\/span><\/span><\/span><br \/><span style=\"text-decoration: underline;\"><span style=\"color: #ffffff; text-decoration: underline;\"><a href=\"https:\/\/die-fahrschule-blitz.de\/weitere-klassen\/\" style=\"color: #ffffff; text-decoration: underline;\">Weitere Klassen\u00a0<\/a><span class=\"Normal-C0\"><a href=\"https:\/\/die-fahrschule-blitz.de\/weitere_klassen.html\" style=\"color: #ffffff; text-decoration: underline;\">(Mofa, Klasse L)<\/a><\/span><\/span><\/span><\/p><p><span style=\"text-decoration: underline;\"><span style=\"color: #ffffff; text-decoration: underline;\"><a href=\"https:\/\/die-fahrschule-blitz.de\/weitere-klassen\/\" style=\"color: #ffffff; text-decoration: underline;\"><\/a><\/span><\/span><\/p>\t\t\t\t\t<\/div>\n\t\t\t\t\t\t<\/div>\n\t\t\t\t<\/div>\n\t\t\t\t<div class=\"elementor-element elementor-element-50b952ae elementor-position-left elementor-view-framed elementor-shape-circle elementor-mobile-position-top elementor-vertical-align-top elementor-widget elementor-widget-icon-box\" data-id=\"50b952ae\" data-element_type=\"widget\" data-widget_type=\"icon-box.default\">\n\t\t\t\t<div class=\"elementor-widget-container\">\n\t\t\t\t\t<div class=\"elementor-icon-box-wrapper\">\n\t\t\t\t\t\t<div class=\"elementor-icon-box-icon\">\n\t\t\t\t<span class=\"elementor-icon elementor-animation-\" >\n\t\t\t\t<i class=\"fa fa-automobile\" aria-hidden=\"true\"><\/i>\t\t\t\t<\/span>\n\t\t\t<\/div>\n\t\t\t\t\t\t<div class=\"elementor-icon-box-content\">\n\t\t\t\t<h3 class=\"elementor-icon-box-title\">\n\t\t\t\t\t<span  >\n\t\t\t\t\t\tAusbildung in mehreren Sprachen\t\t\t\t\t<\/span>\n\t\t\t\t<\/h3>\n\t\t\t\t\t\t\t<\/div>\n\t\t<\/div>\n\t\t\t\t<\/div>\n\t\t\t\t<\/div>\n\t\t\t\t<div class=\"elementor-element elementor-element-42ef2c4 elementor-widget elementor-widget-text-editor\" data-id=\"42ef2c4\" data-element_type=\"widget\" data-widget_type=\"text-editor.default\">\n\t\t\t\t<div class=\"elementor-widget-container\">\n\t\t\t\t\t\t\t\t<div class=\"elementor-text-editor elementor-clearfix\">\n\t\t\t\t<div id=\"txt_6\"><p class=\"Normal-P\"><span style=\"color: #ffffff;\"><span class=\"Normal-C0\">Bei uns kannst Du den kompletten F\u00fchrerschein in deutsch, englisch oder t\u00fcrkisch machen. Ein Fahrlehrer (Y\u00fccel Simsek) spricht neben Deutsch und Englisch noch perfekt T\u00fcrkisch und eine Fahrlehrerin (Mary Ann Schl\u00fcter) spricht neben Deutsch noch perfekt Englisch.<br \/><\/span><span class=\"Normal-C0\">Die Theoriepr\u00fcfung kann in fast jeder g\u00e4ngigen Sprache gemacht werden. <strong>Gerne beraten wir Dich da in der Fahrschule.<\/strong><\/span><\/span><\/p><\/div>\t\t\t\t\t<\/div>\n\t\t\t\t\t\t<\/div>\n\t\t\t\t<\/div>\n\t\t\t\t<div class=\"elementor-element elementor-element-1802ae96 elementor-position-left elementor-view-framed elementor-shape-circle elementor-mobile-position-top elementor-vertical-align-top elementor-widget elementor-widget-icon-box\" data-id=\"1802ae96\" data-element_type=\"widget\" data-widget_type=\"icon-box.default\">\n\t\t\t\t<div class=\"elementor-widget-container\">\n\t\t\t\t\t<div class=\"elementor-icon-box-wrapper\">\n\t\t\t\t\t\t<div class=\"elementor-icon-box-icon\">\n\t\t\t\t<span class=\"elementor-icon elementor-animation-\" >\n\t\t\t\t<i class=\"fa fa-automobile\" aria-hidden=\"true\"><\/i>\t\t\t\t<\/span>\n\t\t\t<\/div>\n\t\t\t\t\t\t<div class=\"elementor-icon-box-content\">\n\t\t\t\t<h3 class=\"elementor-icon-box-title\">\n\t\t\t\t\t<span  >\n\t\t\t\t\t\tFerienfahrschule\t\t\t\t\t<\/span>\n\t\t\t\t<\/h3>\n\t\t\t\t\t\t\t<\/div>\n\t\t<\/div>\n\t\t\t\t<\/div>\n\t\t\t\t<\/div>\n\t\t\t\t<div class=\"elementor-element elementor-element-aabbc17 elementor-widget elementor-widget-text-editor\" data-id=\"aabbc17\" data-element_type=\"widget\" data-widget_type=\"text-editor.default\">\n\t\t\t\t<div class=\"elementor-widget-container\">\n\t\t\t\t\t\t\t\t<div class=\"elementor-text-editor elementor-clearfix\">\n\t\t\t\t<div id=\"txt_3\"><p class=\"Normal-P\"><span style=\"color: #ffffff;\"><span class=\"Normal-C0\">Du m\u00f6chtest Deine Ferien effektiv nutzen? Dann bist Du bei uns genau richtig. Wir bieten regelm\u00e4ssig zur Schulferienzeiten einen Ferienkurs an, der es Dir erm\u00f6glicht bis zu 10 mal in der Woche den Theorieunterricht zu besuchen (Bamberg + Hallstadt in Kombination). Nat\u00fcrlich kommen auch die Fahrstunden in dieser Zeit nicht zu kurz. 4 erfahrene Fahrlehrer stehen Dir zur Auswahl.<br \/><\/span><strong><span class=\"Normal-C0\">Alle weiteren Informationen bekommst Du in der Fahrschule.<\/span><\/strong><\/span><\/p><\/div>\t\t\t\t\t<\/div>\n\t\t\t\t\t\t<\/div>\n\t\t\t\t<\/div>\n\t\t\t\t\t\t<\/div>\n\t\t\t\t\t<\/div>\n\t\t<\/div>\n\t\t\t\t<div class=\"elementor-column elementor-col-50 elementor-inner-column elementor-element elementor-element-1f514afa\" data-id=\"1f514afa\" data-element_type=\"column\">\n\t\t\t<div class=\"elementor-column-wrap elementor-element-populated\">\n\t\t\t\t\t\t\t<div class=\"elementor-widget-wrap\">\n\t\t\t\t\t\t<div class=\"elementor-element elementor-element-2b443707 elementor-position-left elementor-view-framed elementor-shape-circle elementor-mobile-position-top elementor-vertical-align-top elementor-widget elementor-widget-icon-box\" data-id=\"2b443707\" data-element_type=\"widget\" data-widget_type=\"icon-box.default\">\n\t\t\t\t<div class=\"elementor-widget-container\">\n\t\t\t\t\t<div class=\"elementor-icon-box-wrapper\">\n\t\t\t\t\t\t<div class=\"elementor-icon-box-icon\">\n\t\t\t\t<span class=\"elementor-icon elementor-animation-\" >\n\t\t\t\t<i class=\"fa fa-automobile\" aria-hidden=\"true\"><\/i>\t\t\t\t<\/span>\n\t\t\t<\/div>\n\t\t\t\t\t\t<div class=\"elementor-icon-box-content\">\n\t\t\t\t<h3 class=\"elementor-icon-box-title\">\n\t\t\t\t\t<span  >\n\t\t\t\t\t\tASF Seminar\t\t\t\t\t<\/span>\n\t\t\t\t<\/h3>\n\t\t\t\t\t\t\t<\/div>\n\t\t<\/div>\n\t\t\t\t<\/div>\n\t\t\t\t<\/div>\n\t\t\t\t<div class=\"elementor-element elementor-element-8801146 elementor-widget elementor-widget-text-editor\" data-id=\"8801146\" data-element_type=\"widget\" data-widget_type=\"text-editor.default\">\n\t\t\t\t<div class=\"elementor-widget-container\">\n\t\t\t\t\t\t\t\t<div class=\"elementor-text-editor elementor-clearfix\">\n\t\t\t\t<div id=\"txt_2\"><p class=\"Normal-P\"><span style=\"color: #ffffff;\"><span class=\"Normal-C1\"><strong>Aufbauseminar f\u00fcr Fahranf\u00e4nger (ASF)<\/strong><br \/><\/span><span class=\"Normal-C0\">In der Probezeit auff\u00e4llig geworden?<br \/><\/span><span class=\"Normal-C0\">Bei einem A-<wbr \/> oder zwei B-<wbr \/>Verst\u00f6\u00dfen innerhalb der F\u00fchrerschein-<wbr \/>Probezeit wird von der Fahrerlaubnisbeh\u00f6rde (Stra\u00dfenverkehrsamt) ein ASF-<wbr \/>Seminar angeordnet.<br \/><\/span><strong><span class=\"Normal-C1\">Ablauf eines ASF-<wbr \/>Seminars:<br \/><\/span><\/strong><span class=\"Normal-C0\">&#8211;<wbr \/> 4 Theorie-<wbr \/>Sitzungen von jeweils 135 Minuten<br \/><\/span><span class=\"Normal-C0\">&#8211;<wbr \/> Es nehmen 6 bis 12 Teilnehmer und der Kursleiter am Seminar teil<br \/><\/span><span class=\"Normal-C0\">&#8211;<wbr \/> Eine Fahrprobe von 45 Minuten muss abgelegt werden, es ist keine Pr\u00fcfung<br \/><\/span><strong><span class=\"Normal-C0\">Termine und weitere Infos gibt es in der Fahrschule.<\/span><\/strong><\/span><\/p><\/div><p><span style=\"text-decoration: underline; color: #ffffff;\"><span><a href=\"https:\/\/die-fahrschule-blitz.de\/weitere-klassen\/\" style=\"color: #ffffff; text-decoration: underline;\"><\/a><\/span><\/span><\/p>\t\t\t\t\t<\/div>\n\t\t\t\t\t\t<\/div>\n\t\t\t\t<\/div>\n\t\t\t\t<div class=\"elementor-element elementor-element-2e690608 elementor-position-left elementor-view-framed elementor-shape-circle elementor-mobile-position-top elementor-vertical-align-top elementor-widget elementor-widget-icon-box\" data-id=\"2e690608\" data-element_type=\"widget\" data-widget_type=\"icon-box.default\">\n\t\t\t\t<div class=\"elementor-widget-container\">\n\t\t\t\t\t<div class=\"elementor-icon-box-wrapper\">\n\t\t\t\t\t\t<div class=\"elementor-icon-box-icon\">\n\t\t\t\t<span class=\"elementor-icon elementor-animation-\" >\n\t\t\t\t<i class=\"fa fa-automobile\" aria-hidden=\"true\"><\/i>\t\t\t\t<\/span>\n\t\t\t<\/div>\n\t\t\t\t\t\t<div class=\"elementor-icon-box-content\">\n\t\t\t\t<h3 class=\"elementor-icon-box-title\">\n\t\t\t\t\t<span  >\n\t\t\t\t\t\tFachpraktische Auffrischung\t\t\t\t\t<\/span>\n\t\t\t\t<\/h3>\n\t\t\t\t\t\t\t<\/div>\n\t\t<\/div>\n\t\t\t\t<\/div>\n\t\t\t\t<\/div>\n\t\t\t\t<div class=\"elementor-element elementor-element-0849a23 elementor-widget elementor-widget-text-editor\" data-id=\"0849a23\" data-element_type=\"widget\" data-widget_type=\"text-editor.default\">\n\t\t\t\t<div class=\"elementor-widget-container\">\n\t\t\t\t\t\t\t\t<div class=\"elementor-text-editor elementor-clearfix\">\n\t\t\t\t<div id=\"txt_43\"><p class=\"Normal-P\"><span style=\"color: #ffffff;\"><span class=\"Normal-C0\">Du bist schon l\u00e4nger nicht mehr gefahren und m\u00f6chtest Deine Fahrk\u00fcnste auffrischen? Bei uns kannst Du auch Fahrstunden nehmen ohne den F\u00fchrerschein zu machen. Unsere erfahrenen Fahrlehrer machen gerne mit Dir Fahrstunden aus und bringen Deine Fahrk\u00fcnste wieder auf Trap. Nat\u00fcrlich gehen wir auch auf individuelle Schw\u00e4chen (z. B. Parken, Autobahn) ein.<br \/><\/span><strong><span class=\"Normal-C0\">Informiere Dich einfach in der Fahrschule.<\/span><\/strong><\/span><\/p><\/div>\t\t\t\t\t<\/div>\n\t\t\t\t\t\t<\/div>\n\t\t\t\t<\/div>\n\t\t\t\t<div class=\"elementor-element elementor-element-6d3b54ee elementor-position-left elementor-view-framed elementor-shape-circle elementor-mobile-position-top elementor-vertical-align-top elementor-widget elementor-widget-icon-box\" data-id=\"6d3b54ee\" data-element_type=\"widget\" data-widget_type=\"icon-box.default\">\n\t\t\t\t<div class=\"elementor-widget-container\">\n\t\t\t\t\t<div class=\"elementor-icon-box-wrapper\">\n\t\t\t\t\t\t<div class=\"elementor-icon-box-icon\">\n\t\t\t\t<span class=\"elementor-icon elementor-animation-\" >\n\t\t\t\t<i class=\"fa fa-automobile\" aria-hidden=\"true\"><\/i>\t\t\t\t<\/span>\n\t\t\t<\/div>\n\t\t\t\t\t\t<div class=\"elementor-icon-box-content\">\n\t\t\t\t<h3 class=\"elementor-icon-box-title\">\n\t\t\t\t\t<span  >\n\t\t\t\t\t\tHilfe bei Antr\u00e4gen\t\t\t\t\t<\/span>\n\t\t\t\t<\/h3>\n\t\t\t\t\t\t\t<\/div>\n\t\t<\/div>\n\t\t\t\t<\/div>\n\t\t\t\t<\/div>\n\t\t\t\t<div class=\"elementor-element elementor-element-2097611 elementor-widget elementor-widget-text-editor\" data-id=\"2097611\" data-element_type=\"widget\" data-widget_type=\"text-editor.default\">\n\t\t\t\t<div class=\"elementor-widget-container\">\n\t\t\t\t\t\t\t\t<div class=\"elementor-text-editor elementor-clearfix\">\n\t\t\t\t<p class=\"Normal-P\"><span style=\"color: #ffffff;\"><span class=\"Normal-C0\">Zu jedem F\u00fchrerschein muss auch ein Antrag bei der Beh\u00f6rde gestellt werden. Dieser ist mit einigem Aufwand verbunden und ist auf den ersten Blick abschreckend. Doch wir lassen Dich da nicht im Stich. In Bamberg und Hallstadt f\u00fcllen wir den Antrag nicht nur f\u00fcr Dich aus, wir geben ihn auch noch pers\u00f6nlich bei der Beh\u00f6rde ab. In Erlangen helfen wir Dir gerne beim Ausf\u00fcllen des Antrags und sagen Dir ganz genau, was in den Antrag geh\u00f6rt. <br \/><\/span><span class=\"Normal-C0\">Auch helfen wir gerne bei der Umschreibung ausl\u00e4ndischer F\u00fchrerscheine und geben die n\u00f6tigen Kontaktdaten.<br \/><\/span><strong><span class=\"Normal-C0\">Nat\u00fcrlich ist dieser Service unsererseits v\u00f6llig kostenlos<\/span><\/strong><\/span><\/p>\t\t\t\t\t<\/div>\n\t\t\t\t\t\t<\/div>\n\t\t\t\t<\/div>\n\t\t\t\t<div class=\"elementor-element elementor-element-3ce6a9a elementor-position-left elementor-view-framed elementor-shape-circle elementor-mobile-position-top elementor-vertical-align-top elementor-widget elementor-widget-icon-box\" data-id=\"3ce6a9a\" data-element_type=\"widget\" data-widget_type=\"icon-box.default\">\n\t\t\t\t<div class=\"elementor-widget-container\">\n\t\t\t\t\t<div class=\"elementor-icon-box-wrapper\">\n\t\t\t\t\t\t<div class=\"elementor-icon-box-icon\">\n\t\t\t\t<span class=\"elementor-icon elementor-animation-\" >\n\t\t\t\t<i class=\"fa fa-automobile\" aria-hidden=\"true\"><\/i>\t\t\t\t<\/span>\n\t\t\t<\/div>\n\t\t\t\t\t\t<div class=\"elementor-icon-box-content\">\n\t\t\t\t<h3 class=\"elementor-icon-box-title\">\n\t\t\t\t\t<span  >\n\t\t\t\t\t\tTheorie Vorpr\u00fcfung in der Fahrschule\t\t\t\t\t<\/span>\n\t\t\t\t<\/h3>\n\t\t\t\t\t\t\t<\/div>\n\t\t<\/div>\n\t\t\t\t<\/div>\n\t\t\t\t<\/div>\n\t\t\t\t<div class=\"elementor-element elementor-element-52b67cb elementor-widget elementor-widget-text-editor\" data-id=\"52b67cb\" data-element_type=\"widget\" data-widget_type=\"text-editor.default\">\n\t\t\t\t<div class=\"elementor-widget-container\">\n\t\t\t\t\t\t\t\t<div class=\"elementor-text-editor elementor-clearfix\">\n\t\t\t\t<div id=\"txt_5\"><p class=\"Normal-P\"><span style=\"color: #ffffff;\"><span class=\"Normal-C0\">Uns liegt sehr viel daran, dass unsere Fahrsch\u00fcler erfolgreich durch die Theoriepr\u00fcfung kommen. Deswegen haben wir eine Art Vorpr\u00fcfung in der Fahrschule eingef\u00fchrt. Dabei simulieren wir eine Pr\u00fcfungssituation und gehen danach die gestellten Fragen gemeinsam durch. Dadurch k\u00f6nnen wir die individuellen Schw\u00e4chen eines Fahrsch\u00fclers erkennen und sie gemeinsam aufarbeiten. Erst wenn ein Fahrsch\u00fcler unsere Vorpr\u00fcfung besteht, melden wir ihn zur richtigen Theoriepr\u00fcfung an. So geben wir unseren Fahrsch\u00fclern Zuversicht und vermeiden Entt\u00e4uschungen und Kosten bei Nichtbestehen der Theoriepr\u00fcfung.<br \/><\/span><strong><span class=\"Normal-C0\">Das Beste: Die Vorpr\u00fcfung ist freiwillig und kostenlos.<\/span><\/strong><\/span><\/p><\/div>\t\t\t\t\t<\/div>\n\t\t\t\t\t\t<\/div>\n\t\t\t\t<\/div>\n\t\t\t\t\t\t<\/div>\n\t\t\t\t\t<\/div>\n\t\t<\/div>\n\t\t\t\t\t\t\t\t<\/div>\n\t\t\t\t\t<\/div>\n\t\t<\/section>\n\t\t\t\t\t\t<\/div>\n\t\t\t\t\t<\/div>\n\t\t<\/div>\n\t\t\t\t\t\t\t\t<\/div>\n\t\t\t\t\t<\/div>\n\t\t<\/section>\n\t\t\t\t\t\t\t\t\t<\/div>\n\t\t\t<\/div>\n\t\t\t\t\t<\/div>\n\t\t","protected":false},"excerpt":{"rendered":"<p>Leistungen F\u00fchrerschein Autof\u00fchrerschein\u00a0\u00a0(Klasse B, Begleitetes Fahren mit 17, Klasse BE, Automatik)Motorradf\u00fchrerschein (Klasse A, Klasse A1, Klasse M)Weitere Klassen\u00a0(Mofa, Klasse L) Ausbildung in mehreren Sprachen Bei uns kannst Du den kompletten F\u00fchrerschein in deutsch, englisch oder t\u00fcrkisch machen. Ein Fahrlehrer (Y\u00fccel Simsek) spricht neben Deutsch und Englisch noch perfekt T\u00fcrkisch und [&hellip;]<\/p>\n","protected":false},"author":1,"featured_media":0,"parent":0,"menu_order":0,"comment_status":"closed","ping_status":"closed","template":"elementor_header_footer","meta":[],"_links":{"self":[{"href":"https:\/\/die-fahrschule-blitz.de\/start\/wp-json\/wp\/v2\/pages\/48"}],"collection":[{"href":"https:\/\/die-fahrschule-blitz.de\/start\/wp-json\/wp\/v2\/pages"}],"about":[{"href":"https:\/\/die-fahrschule-blitz.de\/start\/wp-json\/wp\/v2\/types\/page"}],"author":[{"embeddable":true,"href":"https:\/\/die-fahrschule-blitz.de\/start\/wp-json\/wp\/v2\/users\/1"}],"replies":[{"embeddable":true,"href":"https:\/\/die-fahrschule-blitz.de\/start\/wp-json\/wp\/v2\/comments?post=48"}],"version-history":[{"count":20,"href":"https:\/\/die-fahrschule-blitz.de\/start\/wp-json\/wp\/v2\/pages\/48\/revisions"}],"predecessor-version":[{"id":506,"href":"https:\/\/die-fahrschule-blitz.de\/start\/wp-json\/wp\/v2\/pages\/48\/revisions\/506"}],"wp:attachment":[{"href":"https:\/\/die-fahrschule-blitz.de\/start\/wp-json\/wp\/v2\/media?parent=48"}],"curies":[{"name":"wp","href":"https:\/\/api.w.org\/{rel}","templated":true}]}}